, what is 39 + 45?
83
In base 15, what is -126 - 5?
-12b
In base 12, what is -2 + 5?
3
In base 16, what is -d54 - 5?
-d59
In base 12, what is -7 + 30?
25
In base 2, what is 1101001010 - -10101?
1101011111
In base 16, what is -5 + 14?
f
In base 7, what is -13 - 124?
-140
In base 11, what is 73 + -1?
72
In base 4, what is 13031 - 11?
13020
In base 16, what is ce - 0?
ce
In base 10, what is -330 - -13?
-317
In base 2, what is 10111010 + 11?
10111101
In base 8, what is -2126 - 0?
-2126
In base 4, what is 1 - 212?
-211
In base 5, what is 122 + -10?
112
In base 11, what is 37 + 4?
40
In base 7, what is 234366 + 0?
234366
In base 7, what is 1103 + -110?
663
In base 4, what is -311 + 11?
-300
In base 16, what is 1a + 3?
1d
In base 10, what is -4755 - 0?
-4755
In base 16, what is -4de1 - 0?
-4de1
In base 14, what is -50c + -7?
-515
In base 5, what is 130 + -3?
122
In base 6, what is -234 + -5?
-243
In base 6, what is -102 - 121?
-223
In base 9, what is -3 + 0?
-3
In base 8, what is 16 - 3773?
-3755
In base 2, what is -100011 + 101000110?
100100011
In base 14, what is 251 + 4?
255
In base 8, what is -5 - 607?
-614
In base 6, what is -420 - -42?
-334
In base 12, what is 3 + a59?
a60
In base 13, what is 3b + -3?
38
In base 15, what is 7 - 1c9?
-1c2
In base 7, what is -562 + 5?
-554
In base 8, what is 3 - -25?
30
In base 5, what is -20140 + -2?
-20142
In base 15, what is 1 + -107?
-106
In base 12, what is -1b31 + -4?
-1b35
In base 12, what is -71 + 17?
-56
In base 15, what is -1 + a11?
a10
In base 9, what is 508 - 0?
508
In base 8, what is -27 + -473?
-522
In base 9, what is -20 + 7?
-12
In base 14, what is 3a - -3?
3d
In base 5, what is -2 + 40302?
40300
In base 12, what is -4 + -41?
-45
In base 16, what is -2 + -1d?
-1f
In base 15, what is 0 - 1e0?
-1e0
In base 2, what is 0 + -11110101?
-11110101
In base 15, what is e + 234?
243
In base 16, what is 2 - ea?
-e8
In base 10, what is 1880 + -2?
1878
In base 11, what is 24 - 2?
22
In base 8, what is -2611 + 7?
-2602
In base 11, what is 789 - -1?
78a
In base 15, what is -3 + -94?
-97
In base 4, what is 0 - 10200?
-10200
In base 6, what is -2102 - 5?
-2111
In base 12, what is 3 + 52?
55
In base 8, what is 7 - 10?
-1
In base 4, what is -1111 + -1?
-1112
In base 7, what is 34 - 526?
-462
In base 12, what is -7 - 283?
-28a
In base 13, what is 1 + 265?
266
In base 12, what is 6 - -24?
2a
In base 2, what is 1 - -10001100?
10001101
In base 9, what is -6 + -17?
-24
In base 5, what is -11334 - 10?
-11344
In base 7, what is -6 + -136?
-145
In base 12, what is 4 + -910?
-908
In base 14, what is 21c0 + 4?
21c4
In base 2, what is 10 - -1101000?
1101010
In base 2, what is 10000 + -1111011?
-1101011
In base 15, what is -1156 + -5?
-115b
In base 8, what is 21 - -24?
45
In base 15, what is -22 - 35?
-57
In base 16, what is 14 - -84?
98
In base 16, what is -5 + -c6?
-cb
In base 8, what is 5 - -154?
161
In base 11, what is 0 + 173?
173
In base 10, what is -227 - -7?
-220
In base 8, what is -4 - -7363?
7357
In base 15, what is -4 - b61?
-b65
In base 10, what is 0 + 550?
550
In base 2, what is 11000 + 10?
11010
In base 7, what is -245 + 15?
-230
In base 4, what is 1021 + -22?
333
In base 9, what is 2653 - 2?
2651
In base 6, what is 3 + 114?
121
In base 12, what is 3 - -214?
217
In base 6, what is -13 + 140?
123
In base 5, what is 23 - -203?
231
In base 10, what is -82 - 0?
-82
In base 8, what is 107 + 4?
113
In base 4, what is -20 + 131?
111
In base 11, what is 2295 - 0?
2295
In base 6, what is -110 + -4?
-114
In base 10, what is 4 - 112?
-108
In base 5, what is -121 - -101?
-20
In base 3, what is 12 - -1110022?
1110111
In base 3, what is -122 + 1?
-121
In base 16, what is -144 - -33?
-111
In base 5, what is 4 + 1034?
1043
In base 9, what is 103 + -46?
46
In base 3, what is 20 - -11022?
11112
In base 2, what is -1100011000 + -1000?
-1100100000
In base 8, what is 12 + 157?
171
In base 14, what is -210 + 3?
-20b
In base 8, what is -17543 - 5?
-17550
In base 13, what is 54 + 5?
59
In base 13, what is -1 + -578?
-579
In base 7, what is -3 + -1531?
-1534
In base 14, what is -2 + 348?
346
In base 13, what is 0 + 2?
2
In base 14, what is -5 + 77d?
778
In base 3, what is 21222 + 1?
22000
In base 6, what is 1 + -22?
-21
In base 6, what is -403300 - 5?
-403305
In base 13, what is 121 + 1?
122
In base 12, what is -80 + -15?
-95
In base 4, what is -201 + -11?
-212
In base 7, what is -44 - -21?
-23
In base 10, what is 4 + -702?
-698
In base 7, what is -3 + -120?
-123
In base 15, what is -9 - -27e?
275
In base 3, what is -11 - 1102?
-1120
In base 2, what is 11110010 + -1000?
11101010
In base 12, what is 319 - 11?
308
In base 11, what is 232 + 2?
234
In base 7, what is 21055 - -3?
21061
In base 2, what is -101101011 - -111?
-101100100
In base 4, what is 1101 - -11?
1112
In base 16, what is -ade - 0?
-ade
In base 8, what is 405 + -14?
371
In base 9, what is 504 + -4?
500
In base 13, what is -120b - 0?
-120b
In base 5, what is -331 - 4?
-340
In base 12, what is 4 - 101?
-b9
In base 6, what is -2 - -115?
113
In base 2, what is 101 + 10101111?
10110100
In base 7, what is 20 - -321?
341
In base 7, what is -13 - 413?
-426
In base 12, what is 27 + 1?
28
In base 9, what is 4 - 38?
-34
In base 14, what is c7 - -14?
db
In base 3, what is -211201 - 11?
-211212
In base 16, what is 4 - -12?
16
In base 14, what is -1 - -4b?
4a
In base 7, what is -20 + 5?
-12
In base 6, what is -12424 - -5?
-12415
In base 11, what is -24 + -3?
-27
In base 15, what is 1e3e - 0?
1e3e
In base 12, what is -97 + -77?
-152
In base 12, what is -2 + -5?
-7
In base 6, what is -35 - 5?
-44
In base 12, what is -1 + 124?
123
In base 16, what is -4 + -606?
-60a
In base 5, what is 3 + -10431?
-10423
In base 12, what is -2 + 3a?
38
In base 11, what is -411a - 3?
-4122
In base 14, what is 418 - 31?
3c7
In base 5, what is -1 + 321?
320
In base 13, what is 72 + 10?
82
In base 16, what is 1e + -4?
1a
In base 12, what is 2 + 584?
586
In base 12, what is -76 - 2?
-78
In base 8, what is 1 + -101?
-100
In base 5, what is -431 + -3?
-434
In base 11, what is -1 - 323?
-324
In base 8, what is -35 + -21?
-56
In base 15, what is -3 + a8?
a5
In base 5, what is -124 - 1?
-130
In base 2, what is 0 - -101000?
101000
In base 5, what is -1044 - 4?
-1103
In base 6, what is -1 + 154?
153
In base 13, what is 21 + -3?
1b
In base 9, what is -1 + 177?
176
In base 16, what is -6 + -4df?
-4e5
In base 3, what is -121100011 + 0?
-121100011
In base 8, what is 3665 + 4?
3671
In base 6, what is 13320 - 1?
13315
In base 6, what is 4 - -111?
115
In base 2, what is 0 + 1111110?
1111110
In base 4, what is -3 - -1132?
1123
In base 8, what is 1 - -5436?
5437
In base 9, what is 77 + 2?
80
In base 8, what is -126166 - -5?
-126161
In base 10, what is -9910 + -5?
-9915
In base 8, what is 2 - -104?
106
In base 6, what is -41241 - 2?
-41243
In base 13, what is a0 + -1?
9c
In base 2, what is 10010 - 10011?
-1
In base 16, what is 3 - -13f0?
13f3
In base 15, what is 5 + 1082?
1087
In base 15, what is d0 + 0?
d0
In base 8, what is -22 - 25?
-47
In base 2, what is 11 - 1111000?
-1110101
In base 2, what is 11000100 - -101110?
11110010
In base 12, what is 10a - 8?
102
In base 6, what is 2 + -502?
-500
In base 11, what is 1283 + -5?
1279
In base 11, what is -95 + -38?
-122
In base 6, what is -20201 + -2?
-20203
In base 10, what is -767 + -16?
-783
In base 13, what is 4c4 + 4?
4c8
In base 13, what is 62 + -7a?
-18
In base 7, what is -2013 - 10?
-2023
In base 4, what is -101 - 23?
-130
In base 7, what is 1116 + 4?
1123
In base 7, what is -222234 + 1?
-222233
In base 9, what is 1 - -176?
177
In base 14, what is 1 - 6b?
-6a
In base 6, what is -5 + -104110?
-104115
In base 7, what is -11 + -6?
-20
In base 6, what is -2 - 34235?
-34241
In base 10, what is -10221 + -1?
-10222
In base 10, what is -1 - 0?
-1
In base 14, what is 12 - 2a?
-18
In base 14, what is -4 - 916?
-91a
In base 15, what is -4 + -22c?
-231
In base 6, what is 112 - -125?
241
In base 5, what is 2114 + -10?
2104
In base 9, what is -5 - -4132?
4126
In base 12, what is -3 + 3a6?
3a3
In base 15, what is 2 - 5c6?
-5c4
In base 9, what is -6186 - -2?
-6184
In base 15, what is 4 - -3e?
43
In base 13, what is -2b4 + 4?
-2b0
In base 8, what is 1 + -2044?
-2043
In base 5, what is 14 - 221